divided by 41?
0
What is the remainder when 3835 is divided by 640?
635
What is the remainder when 135336 is divided by 104?
32
Calculate the remainder when 1322 is divided by 435.
17
Calculate the remainder when 7292 is divided by 36.
20
What is the remainder when 3553 is divided by 439?
41
Calculate the remainder when 354 is divided by 90.
84
What is the remainder when 1586 is divided by 161?
137
What is the remainder when 4109 is divided by 1308?
185
What is the remainder when 5205 is divided by 1700?
105
Calculate the remainder when 2013 is divided by 54.
15
What is the remainder when 951 is divided by 132?
27
What is the remainder when 112759 is divided by 508?
491
Calculate the remainder when 1416 is divided by 266.
86
Calculate the remainder when 2179 is divided by 1038.
103
Calculate the remainder when 1549 is divided by 691.
167
Calculate the remainder when 17868 is divided by 8903.
62
Calculate the remainder when 47495 is divided by 819.
812
What is the remainder when 642408 is divided by 227?
225
What is the remainder when 464 is divided by 199?
66
What is the remainder when 192265 is divided by 78?
73
What is the remainder when 360 is divided by 324?
36
What is the remainder when 13568 is divided by 31?
21
What is the remainder when 5231 is divided by 80?
31
What is the remainder when 614 is divided by 204?
2
What is the remainder when 2276199 is divided by 215?
209
What is the remainder when 83158 is divided by 132?
130
What is the remainder when 3166571 is divided by 6?
5
Calculate the remainder when 1463 is divided by 366.
365
What is the remainder when 463 is divided by 23?
3
Calculate the remainder when 1807 is divided by 172.
87
Calculate the remainder when 3738 is divided by 299.
150
Calculate the remainder when 69022 is divided by 19.
14
Calculate the remainder when 334 is divided by 140.
54
What is the remainder when 82736 is divided by 123?
80
Calculate the remainder when 151617 is divided by 260.
37
What is the remainder when 241 is divided by 234?
7
Calculate the remainder when 254501 is divided by 254490.
11
Calculate the remainder when 1053 is divided by 153.
135
Calculate the remainder when 21613 is divided by 11.
9
What is the remainder when 3211 is divided by 393?
67
What is the remainder when 19952 is divided by 9975?
2
What is the remainder when 16177 is divided by 34?
27
Calculate the remainder when 31243 is divided by 87.
10
What is the remainder when 19891 is divided by 93?
82
What is the remainder when 1717 is divided by 364?
261
Calculate the remainder when 87047 is divided by 124.
123
Calculate the remainder when 4438 is divided by 97.
73
Calculate the remainder when 81 is divided by 62.
19
Calculate the remainder when 571 is divided by 33.
10
What is the remainder when 33141 is divided by 33107?
34
What is the remainder when 13315 is divided by 4423?
46
Calculate the remainder when 3675416 is divided by 51.
50
Calculate the remainder when 6305 is divided by 451.
442
What is the remainder when 187734 is divided by 13?
1
Calculate the remainder when 3304 is divided by 41.
24
What is the remainder when 270669 is divided by 2529?
66
Calculate the remainder when 16084 is divided by 7.
5
What is the remainder when 542084 is divided by 484?
4
What is the remainder when 30834 is divided by 541?
538
Calculate the remainder when 2752 is divided by 607.
324
What is the remainder when 24198 is divided by 130?
18
Calculate the remainder when 1301 is divided by 59.
3
What is the remainder when 1950651 is divided by 2102?
2097
What is the remainder when 3002 is divided by 331?
23
Calculate the remainder when 59176 is divided by 7.
5
Calculate the remainder when 820 is divided by 173.
128
Calculate the remainder when 137854 is divided by 24.
22
Calculate the remainder when 10593 is divided by 3491.
120
Calculate the remainder when 77151 is divided by 2142.
39
Calculate the remainder when 594727 is divided by 17.
16
What is the remainder when 22857 is divided by 11342?
173
Calculate the remainder when 1170 is divided by 56.
50
Calculate the remainder when 1891888 is divided by 245.
243
Calculate the remainder when 4486 is divided by 638.
20
Calculate the remainder when 305 is divided by 162.
143
Calculate the remainder when 11231 is divided by 250.
231
What is the remainder when 25138 is divided by 16?
2
Calculate the remainder when 7039 is divided by 296.
231
What is the remainder when 2374823 is divided by 1867?
1866
Calculate the remainder when 8894 is divided by 19.
2
Calculate the remainder when 2600 is divided by 115.
70
Calculate the remainder when 155664 is divided by 86.
4
What is the remainder when 2298 is divided by 560?
58
Calculate the remainder when 4900 is divided by 175.
0
Calculate the remainder when 10675 is divided by 1121.
586
What is the remainder when 1622 is divided by 1620?
2
Calculate the remainder when 128915 is divided by 563.
551
What is the remainder when 194465 is divided by 396?
29
Calculate the remainder when 6297149 is divided by 1952.
1949
Calculate the remainder when 33203 is divided by 6637.
18
Calculate the remainder when 169 is divided by 77.
15
Calculate the remainder when 5113 is divided by 8.
1
What is the remainder when 43188 is divided by 14376?
60
Calculate the remainder when 9186 is divided by 479.
85
Calculate the remainder when 28935 is divided by 4421.
2409
Calculate the remainder when 3221 is divided by 99.
53
What is the remainder when 41726 is divided by 5212?
30
What is the remainder when 457595 is divided by 114?
113
Calculate the remainder when 315699 is divided by 50.
49
What is the remainder when 33707 is divided by 1129?
966
Calculate the remainder when 61913 is divided by 373.
368
What is the remainder when 377520 is divided by 726?
0
What is the remainder when 4606 is divided by 1327?
625
Calculate the remainder when 488 is divided by 316.
172
Calculate the remainder when 96171 is divided by 96170.
1
Calculate the remainder when 1513657 is divided by 343.
341
What is the remainder when 2022 is divided by 112?
6
Calculate the remainder when 6732 is divided by 297.
198
Calculate the remainder when 58001 is divided by 28986.
29
What is the remainder when 152273 is divided by 108?
101
What is the remainder when 818 is divided by 455?
363
What is the remainder when 88369 is divided by 1448?
41
Calculate the remainder when 6710 is divided by 6704.
6
Calculate the remainder when 4967 is divided by 48.
23
What is the remainder when 37429 is divided by 37419?
10
What is the remainder when 796 is divided by 271?
254
What is the remainder when 1310825 is divided by 28?
5
What is the remainder when 23074 is divided by 171?
160
What is the remainder when 713512 is divided by 218?
216
Calculate the remainder when 632 is divided by 200.
32
What is the remainder when 115495 is divided by 22?
17
Calculate the remainder when 3670 is divided by 133.
79
Calculate the remainder when 1974252 is divided by 49.
42
Calculate the remainder when 1936 is divided by 38.
36
What is the remainder when 10505 is divided by 2609?
69
What is the remainder when 5483 is divided by 25?
8
Calculate the remainder when 14222 is divided by 35.
12
Calculate the remainder when 1030537 is divided by 70.
67
Calculate the remainder when 1386070 is divided by 209.
191
Calculate the remainder when 181196 is divided by 20.
16
Calculate the remainder when 55471 is divided by 563.
297
Calculate the remainder when 22590 is divided by 64.
62
What is the remainder when 19714 is divided by 996?
790
What is the remainder when 89715 is divided by 44?
43
What is the remainder when 12437 is divided by 3814?
995
Calculate the remainder when 923862 is divided by 85.
82
Calculate the remainder when 2358 is divided by 123.
21
What is the remainder when 11617 is divided by 15?
7
What is the remainder when 52038 is divided by 286?
272
Calculate the remainder when 1213997 is divided by 95.
87
What is the remainder when 299115 is divided by 5341?
19
Calculate the remainder when 6307 is divided by 217.
14
Calculate the remainder when 45956 is divided by 10.
6
What is the remainder when 55902 is divided by 172?
2
Calculate the remainder when 1930 is divided by 862.
206
What is the remainder when 7108 is divided by 100?
8
What is